the prime factors of 1233.
3, 137
List the prime factors of 6190.
2, 5, 619
List the prime factors of 10282.
2, 53, 97
List the prime factors of 15164.
2, 17, 223
List the prime factors of 90309.
3, 30103
List the prime factors of 1116.
2, 3, 31
List the prime factors of 2490.
2, 3, 5, 83
List the prime factors of 4886.
2, 7, 349
List the prime factors of 494.
2, 13, 19
What are the prime factors of 7568?
2, 11, 43
List the prime factors of 9613.
9613
What are the prime factors of 5645?
5, 1129
What are the prime factors of 3238?
2, 1619
What are the prime factors of 6251?
7, 19, 47
What are the prime factors of 6407?
43, 149
List the prime factors of 20255.
5, 4051
What are the prime factors of 35062?
2, 47, 373
What are the prime factors of 23355?
3, 5, 173
What are the prime factors of 4698?
2, 3, 29
List the prime factors of 2463.
3, 821
List the prime factors of 5215.
5, 7, 149
What are the prime factors of 9725?
5, 389
List the prime factors of 1346.
2, 673
List the prime factors of 523.
523
List the prime factors of 90529.
90529
List the prime factors of 70141.
70141
List the prime factors of 3742.
2, 1871
What are the prime factors of 64654?
2, 32327
List the prime factors of 5299.
7, 757
What are the prime factors of 5463?
3, 607
What are the prime factors of 92190?
2, 3, 5, 7, 439
List the prime factors of 748.
2, 11, 17
What are the prime factors of 1569?
3, 523
What are the prime factors of 4065?
3, 5, 271
List the prime factors of 3629.
19, 191
List the prime factors of 215.
5, 43
List the prime factors of 259.
7, 37
List the prime factors of 2509.
13, 193
List the prime factors of 64205.
5, 12841
What are the prime factors of 22984?
2, 13, 17
List the prime factors of 1672.
2, 11, 19
What are the prime factors of 1070?
2, 5, 107
List the prime factors of 4998.
2, 3, 7, 17
What are the prime factors of 114056?
2, 53, 269
List the prime factors of 454.
2, 227
List the prime factors of 24167.
11, 13
What are the prime factors of 3613?
3613
List the prime factors of 14964.
2, 3, 29, 43
What are the prime factors of 3814?
2, 1907
What are the prime factors of 56169?
3, 79
List the prime factors of 65305.
5, 37, 353
What are the prime factors of 4156?
2, 1039
List the prime factors of 44804.
2, 23, 487
List the prime factors of 53789.
19, 149
What are the prime factors of 6286?
2, 7, 449
What are the prime factors of 14946?
2, 3, 47, 53
What are the prime factors of 3468?
2, 3, 17
List the prime factors of 1155.
3, 5, 7, 11
What are the prime factors of 116812?
2, 19, 29, 53
What are the prime factors of 2715?
3, 5, 181
What are the prime factors of 1668?
2, 3, 139
List the prime factors of 618.
2, 3, 103
List the prime factors of 16564.
2, 41, 101
What are the prime factors of 4304?
2, 269
List the prime factors of 915.
3, 5, 61
List the prime factors of 3080.
2, 5, 7, 11
What are the prime factors of 80867?
193, 419
What are the prime factors of 348?
2, 3, 29
List the prime factors of 16481.
16481
What are the prime factors of 117824?
2, 7, 263
List the prime factors of 2828.
2, 7, 101
List the prime factors of 64444.
2, 16111
What are the prime factors of 54056?
2, 29, 233
List the prime factors of 59701.
227, 263
List the prime factors of 4057.
4057
What are the prime factors of 1054?
2, 17, 31
What are the prime factors of 7289?
37, 197
List the prime factors of 718.
2, 359
What are the prime factors of 978?
2, 3, 163
What are the prime factors of 109471?
109471
List the prime factors of 5521.
5521
List the prime factors of 2670.
2, 3, 5, 89
List the prime factors of 19280.
2, 5, 241
List the prime factors of 53637.
3, 19, 941
What are the prime factors of 5851?
5851
What are the prime factors of 4603?
4603
List the prime factors of 16556.
2, 4139
List the prime factors of 20093.
71, 283
What are the prime factors of 16555?
5, 7, 11, 43
What are the prime factors of 9870?
2, 3, 5, 7, 47
What are the prime factors of 606?
2, 3, 101
What are the prime factors of 54648?
2, 3, 11, 23
What are the prime factors of 372?
2, 3, 31
What are the prime factors of 11873?
31, 383
What are the prime factors of 57557?
57557
What are the prime factors of 17261?
41, 421
List the prime factors of 6295.
5, 1259
What are the prime factors of 748?
2, 11, 17
What are the prime factors of 6727?
7, 31
List the prime factors of 106386.
2, 3, 7, 17, 149
List the prime factors of 23439.
3, 13, 601
What are the prime factors of 92472?
2, 3, 3853
What are the prime factors of 1308?
2, 3, 109
What are the prime factors of 24564?
2, 3, 23, 89
List the prime factors of 3261.
3, 1087
What are the prime factors of 803?
11, 73
List the prime factors of 1572.
2, 3, 131
List the prime factors of 7999.
19, 421
List the prime factors of 7505.
5, 19, 79
What are the prime factors of 3621?
3, 17, 71
What are the prime factors of 90711?
3, 10079
List the prime factors of 32624.
2, 2039
List the prime factors of 65809.
65809
What are the prime factors of 20338?
2, 10169
List the prime factors of 6779.
6779
What are the prime factors of 16170?
2, 3, 5, 7, 11
List the prime factors of 64846.
2, 32423
What are the prime factors of 307?
307
What are the prime factors of 6301?
6301
What are the prime factors of 116459?
7, 127, 131
List the prime factors of 850.
2, 5, 17
List the prime factors of 16996.
2, 7, 607
What are the prime factors of 3823?
3823
List the prime factors of 1029.
3, 7
What are the prime factors of 227?
227
List the prime factors of 8920.
2, 5, 223
What are the prime factors of 13473?
3, 499
What are the prime factors of 1267?
7, 181
What are the prime factors of 1180?
2, 5, 59
What are the prime factors of 1619?
1619
List the prime factors of 21354.
2, 3, 3559
What are the prime factors of 3204?
2, 3, 89
What are the prime factors of 1795?
5, 359
List the prime factors of 100491.
3, 19, 41, 43
What are the prime factors of 55616?
2, 11, 79
List the prime factors of 29729.
7, 31, 137
List the prime factors of 119806.
2, 37, 1619
What are the prime factors of 30071?
30071
List the prime factors of 92659.
7, 31, 61
What are the prime factors of 799?
17, 47
What are the prime factors of 19681?
19681
What are the prime factors of 5839?
5839
What are the prime factors of 2841?
3, 947
List the prime factors of 1005.
3, 5, 67
What are the prime factors of 134?
2, 67
What are the prime factors of 18246?
2, 3, 3041
List the prime factors of 6486.
2, 3, 23, 47
What are the prime factors of 563?
563
List the prime factors of 36603.
3, 7, 83
List the prime factors of 2846.
2, 1423
List the prime factors of 11139.
3, 47, 79
What are the prime factors of 72472?
2, 9059
What are the prime factors of 17910?
2, 3, 5, 199
What are the prime factors of 692?
2, 173
List the prime factors of 154663.
211, 733
List the prime factors of 40225.
5, 1609
What are the prime factors of 1545?
3, 5, 103
List the prime factors of 9857.
9857
What are the prime factors of 2250?
2, 3, 5
List the prime factors of 875.
5, 7
What are the prime factors of 11170?
2, 5, 1117
List the prime factors of 4598.
2, 11, 19
List the prime factors of 1524.
2, 3, 127
What are the prime factors of 162137?
281, 577
What are the prime factors of 11082?
2, 3, 1847
List the prime factors of 4002.
2, 3, 23, 29
What are the prime factors of 1897?
7, 271
What are the prime factors of 4066?
2, 19, 107
List the prime factors of 13591.
13591
List the prime factors of 31726.
2, 29, 547
What are the prime factors of 18338?
2, 53, 173
List the prime factors of 1532.
2, 383
List the prime factors of 684.
2, 3, 19
List the prime factors of 14288.
2, 19, 47
List the prime factors of 84777.
3, 7, 11, 367
What are the prime factors of 16313?
11, 1483
List the prime factors of 2325.
3, 5, 31
List the prime factors of 50.
2, 5
What are the prime factors of 835?
5, 167
What are the prime factors of 2348?
2, 587
What are the prime factors of 765?
3, 5, 17
List the prime factors of 385.
5, 7, 11
What are the prime factors of 2306?
2, 1153
What are the prime factors of 27592?
2, 3449
What are the prime factors of 920?
2, 5, 23
What are the prime factors of 360?
2, 3, 5
What are the prime factors of 30224?
2, 1889
List the prime factors of 26753.
31, 863
What are the prime factors of 1387?
19, 73
What are the prime factors of 48